204?
51
Calculate the highest common divisor of 162 and 72.
18
What is the highest common divisor of 32 and 368?
16
Calculate the highest common factor of 65 and 5785.
65
What is the greatest common divisor of 12749 and 19?
19
Calculate the highest common divisor of 847 and 217.
7
What is the highest common factor of 60 and 192?
12
Calculate the highest common divisor of 747 and 581.
83
Calculate the highest common divisor of 592 and 16.
16
What is the highest common divisor of 289 and 629?
17
What is the highest common factor of 110 and 165?
55
What is the greatest common factor of 260 and 2730?
130
What is the highest common divisor of 32 and 224?
32
Calculate the greatest common factor of 2185 and 95.
95
Calculate the greatest common factor of 16 and 4.
4
Calculate the greatest common factor of 216 and 270.
54
What is the highest common factor of 29764 and 14?
14
Calculate the highest common factor of 48 and 438.
6
Calculate the greatest common factor of 20020 and 70.
70
Calculate the highest common divisor of 2231 and 23.
23
What is the greatest common divisor of 800 and 190?
10
What is the greatest common factor of 1971 and 378?
27
What is the highest common divisor of 272 and 112?
16
Calculate the highest common divisor of 58 and 8468.
58
What is the greatest common factor of 342 and 18?
18
What is the greatest common factor of 61 and 1159?
61
Calculate the highest common divisor of 12374 and 46.
46
What is the greatest common factor of 1088 and 34?
34
Calculate the highest common divisor of 2135 and 61.
61
Calculate the highest common factor of 24 and 160.
8
Calculate the highest common divisor of 22 and 216.
2
Calculate the highest common divisor of 39 and 520.
13
What is the highest common divisor of 154 and 154?
154
Calculate the highest common divisor of 23 and 88.
1
Calculate the highest common divisor of 329 and 7.
7
Calculate the greatest common divisor of 500 and 425.
25
Calculate the highest common divisor of 1596 and 1729.
133
What is the highest common divisor of 325 and 25?
25
Calculate the highest common divisor of 77 and 825.
11
Calculate the greatest common factor of 48 and 18.
6
What is the greatest common factor of 207 and 23?
23
Calculate the greatest common factor of 23 and 7199.
23
What is the greatest common factor of 791 and 113?
113
Calculate the highest common factor of 33 and 88.
11
Calculate the greatest common divisor of 198 and 36.
18
Calculate the greatest common divisor of 8 and 2052.
4
Calculate the greatest common divisor of 2185 and 190.
95
What is the highest common factor of 40 and 640?
40
Calculate the greatest common factor of 256 and 224.
32
What is the greatest common factor of 7705 and 134?
67
Calculate the greatest common factor of 42 and 15918.
42
What is the greatest common factor of 14 and 174?
2
What is the greatest common divisor of 220 and 2740?
20
What is the greatest common factor of 107982 and 14?
14
Calculate the highest common factor of 32 and 928.
32
What is the highest common factor of 2100 and 60?
60
What is the highest common factor of 28 and 1323?
7
Calculate the highest common divisor of 1075 and 17415.
215
What is the greatest common divisor of 104 and 78?
26
Calculate the highest common divisor of 168 and 146.
2
Calculate the greatest common factor of 11 and 2.
1
What is the greatest common divisor of 344 and 2322?
86
What is the greatest common factor of 230 and 10?
10
Calculate the highest common divisor of 15 and 6.
3
Calculate the greatest common divisor of 312 and 12.
12
Calculate the greatest common factor of 679 and 1067.
97
What is the greatest common divisor of 928 and 168?
8
What is the highest common factor of 45 and 55?
5
Calculate the highest common factor of 320 and 1.
1
What is the greatest common divisor of 147 and 189?
21
What is the greatest common divisor of 65 and 15?
5
What is the highest common divisor of 4725 and 126?
63
What is the highest common divisor of 81 and 14013?
81
What is the greatest common divisor of 76 and 247?
19
Calculate the highest common factor of 7455 and 1420.
355
What is the highest common divisor of 2304 and 72?
72
What is the greatest common divisor of 65 and 17511?
13
What is the highest common divisor of 9 and 105?
3
Calculate the highest common divisor of 1040 and 7696.
208
What is the highest common factor of 17 and 187?
17
What is the greatest common divisor of 140 and 196?
28
Calculate the greatest common divisor of 350 and 1120.
70
What is the greatest common divisor of 10 and 610?
10
What is the highest common divisor of 282 and 18518?
94
Calculate the highest common divisor of 920 and 120.
40
What is the greatest common factor of 896 and 576?
64
Calculate the greatest common factor of 158 and 79.
79
Calculate the greatest common divisor of 162 and 1026.
54
Calculate the greatest common factor of 17 and 85.
17
Calculate the highest common factor of 36 and 15108.
12
Calculate the greatest common divisor of 76 and 817.
19
Calculate the highest common divisor of 1849 and 43.
43
What is the highest common divisor of 17 and 14297?
17
What is the highest common factor of 325 and 130?
65
What is the greatest common divisor of 1032 and 817?
43
What is the greatest common factor of 24 and 24?
24
Calculate the highest common factor of 1335 and 60.
15
Calculate the greatest common factor of 156 and 84.
12
What is the greatest common factor of 5684 and 56?
28
Calculate the highest common factor of 110 and 385.
55
Calculate the greatest common factor of 1782 and 1584.
198
What is the highest common factor of 19 and 1501?
19
Calculate the greatest common factor of 139 and 30997.
139
Calculate the greatest common factor of 105 and 35.
35
What is the highest common divisor of 144 and 171?
9
What is the highest common factor of 6 and 77298?
6
Calculate the highest common factor of 2541 and 42.
21
Calculate the highest common factor of 33776 and 32.
16
Calculate the greatest common divisor of 44083 and 13.
13
What is the greatest common divisor of 2964 and 13?
13
What is the highest common factor of 117 and 72?
9
What is the greatest common factor of 188 and 235?
47
What is the greatest common factor of 268 and 1675?
67
What is the greatest common divisor of 54 and 8922?
6
What is the highest common divisor of 2059 and 1160?
29
What is the highest common factor of 999 and 54?
27
What is the highest common factor of 462 and 660?
66
What is the highest common divisor of 8 and 14956?
4
What is the greatest common divisor of 2204 and 232?
116
What is the highest common divisor of 130 and 10?
10
Calculate the highest common factor of 815 and 45.
5
Calculate the highest common factor of 90 and 18.
18
What is the highest common factor of 12 and 4?
4
Calculate the greatest common factor of 53 and 3763.
53
What is the greatest common divisor of 85 and 119?
17
What is the greatest common factor of 250 and 10?
10
Calculate the greatest common factor of 84 and 1554.
42
Calculate the greatest common divisor of 186 and 9176.
62
What is the highest common divisor of 47 and 47?
47
What is the highest common divisor of 51 and 697?
17
Calculate the highest common divisor of 21 and 21.
21
What is the greatest common factor of 119 and 34?
17
Calculate the greatest common divisor of 55 and 1760.
55
Calculate the greatest common factor of 2992 and 11.
11
What is the highest common factor of 276 and 13386?
138
Calculate the highest common factor of 258 and 10750.
86
Calculate the highest common factor of 148 and 12.
4
Calculate the greatest common factor of 153 and 119.
17
Calculate the highest common factor of 580 and 58.
58
What is the highest common divisor of 14658 and 21?
21
Calculate the highest common divisor of 19 and 190.
19
Calculate the highest common factor of 165 and 75.
15
What is the greatest common factor of 186 and 24?
6
What is the highest common divisor of 80 and 245?
5
What is the greatest common factor of 1344 and 1932?
84
Calculate the highest common factor of 1192 and 8.
8
What is the highest common factor of 18889 and 13?
13
What is the highest common factor of 33 and 19833?
33
Calculate the greatest common factor of 1797 and 3.
3
What is the greatest common factor of 24 and 168?
24
Calculate the greatest common divisor of 504 and 1890